 What is the tens digit of u(29)?
0
Suppose -2433 = 11*d + 801. Let q = d + 590. What is the units digit of q?
6
Suppose -5*q - 3*d + 3065 = -5*d, 0 = q - 2*d - 621. What is the hundreds digit of q?
6
Let n(t) = 35*t**2 + 2*t - 7. What is the hundreds digit of n(-3)?
3
Suppose 13*l + 15226 = 4*d + 16*l, 2*d - 4*l - 7624 = 0. What is the hundreds digit of d?
8
Let h = -411 - -222. Let l = h + 269. Suppose -5*y + t = 6*t - l, 3*y - 16 = 5*t. What is the tens digit of y?
1
Suppose -2*g = -3*g + 31. Let d = g + -12. What is the units digit of d + (-4 - (-1 + -2))?
8
Let r be (-29)/(-9) + 25/9 + -3. What is the units digit of (39/4)/(r/16)?
2
Let a be -1 - (1840 - 2) - -3. What is the units digit of (a/(-85))/((-1)/(-5))?
8
Let m = -190 + 976. What is the tens digit of m?
8
What is the tens digit of 28/(-8)*(-3 + -247)?
7
Let k = -9 - -6. Let b = k + 7. Suppose b*p = 4*d + 28, 3*p - 5*p = -d - 14. What is the units digit of p?
7
What is the tens digit of (-7)/28 - (-2859)/12?
3
Suppose 32 = 3*p - 4. Suppose p*v - 364 = 5*v. What is the tens digit of v?
5
Let r(g) = 7*g**2 - 38*g - 57. What is the hundreds digit of r(17)?
3
Suppose -2*c + 1991 = 475. What is the units digit of c?
8
Suppose z - 5*z + 12 = 0. Let g = z - -1. What is the units digit of g + (4 - -2)/2?
7
Let u(k) = 4*k**3 + 13*k**2 - 30*k - 10. What is the units digit of u(6)?
2
What is the units digit of -2*(4444/(-8) + 7)?
7
Let l(p) = 117*p + 87. What is the units digit of l(3)?
8
Suppose -3*b + 906 = -0*b. Let r = b - 182. Suppose r = -o + 4*o. What is the tens digit of o?
4
Let u = 7932 - 5084. What is the hundreds digit of u?
8
Suppose 3*u = i - 3*i + 2737, -3*u + 2744 = -5*i. What is the units digit of u?
3
Suppose -3*m = -5*f - 0*m - 909, -2*f - 370 = 2*m. Let q = 69 - f. What is the tens digit of q?
5
Let j = 16 - 13. Suppose 4*n = 3*b + b + 200, -174 = j*b + 5*n. Let q = -21 - b. What is the units digit of q?
2
Suppose 0 = r - 5 + 1. Suppose -r*z + 6*z - 122 = 0. What is the units digit of z?
1
Let d = 312 - 135. What is the hundreds digit of d?
1
Suppose -39*b - 98900 = -62*b. What is the units digit of b?
0
Let l = 26 - 21. Suppose 30 = z + l*z. Suppose -31 = -2*g - 3*f, -z*g - 4*f + 89 = 22. What is the units digit of g?
1
Let d = -18 - -28. Let z(a) = a**3 - 9*a**2 + 17. Let u be z(d). Suppose -4*q + x + u = 33, -2*q = 3*x - 56. What is the tens digit of q?
2
What is the tens digit of (-4592)/(-2) + 64 + -71?
8
Suppose 0 = -28*j + 20532 + 51484. What is the tens digit of j?
7
Suppose -3*a + 6*a = -5*u + 30, -15 = -3*a. Suppose 0 = f - 3*f + 5*m + 8, -u*f - 4*m + 12 = 0. Suppose -4*g + f + 4 = 0. What is the units digit of g?
2
Suppose 10*y - 3855 = 5815. What is the units digit of y?
7
Let z(a) be the third derivative of -a**5/20 - a**4/8 - 2*a**3 + 6*a**2. Let i(x) be the first derivative of z(x). What is the units digit of i(-4)?
1
Suppose 9915 = -86*n + 76393. What is the units digit of n?
3
Suppose -1977 = -9*o + 282. What is the hundreds digit of o?
2
Suppose -5*m + 1122 = 2*v, 6*m - 1138 = m + 2*v. What is the tens digit of m?
2
Suppose -10*o = -12*o + 8, -3*b + 5*o = -4465. What is the tens digit of b?
9
Let c(j) = -44 + 3*j**2 + 23 + 25 + 5*j. Let t be 2*(1/2 + -2). What is the units digit of c(t)?
6
Let g = -641 - -1792. What is the tens digit of g?
5
Suppose 3*c - 95 = 2*c. Suppose -k + 5*p - 10 = 0, -5*k + 0*k - 4*p = -c. Let w = 20 + k. What is the tens digit of w?
3
What is the hundreds digit of 3 + (1 - 7) - (-4413 + -4)?
4
Let h = -11 - -12. Suppose -4*r - h = -5. Let g(f) = 18*f**3 + f**2 - 1. What is the units digit of g(r)?
8
Let v = -93 - -93. Suppose -8*w + 3*w = v, 0 = 3*o + w - 138. What is the units digit of o?
6
What is the hundreds digit of 22254/12 + 3 - (-5)/2?
8
Suppose 33*z = 83391 + 17523. What is the hundreds digit of z?
0
Suppose 8*k = 3*k - 4*v + 70, 0 = k + 4*v + 2. Suppose k = -3*c + 3. What is the units digit of 1*c/(10/(-38))?
9
Let k(q) = q**3 + 15*q**2 - 34*q + 2. Let f be k(-17). Let w be 1*5 - (0 - 1). What is the tens digit of (-56)/(-3) + f/w?
1
Let g(z) = -z**2 + 11*z - 26. Let a be g(7). Suppose -4*o = 5*h - 569, -3*h + 424 = 3*o - a*h. What is the units digit of o?
1
Suppose -13*x = -2542 - 1527. What is the hundreds digit of x?
3
What is the tens digit of 1450 + 32 - (-1 - 6)?
8
Suppose n + n - 28 = -2*b, -98 = -5*n + 2*b. Suppose 206 = -n*r + 20*r. What is the hundreds digit of r?
1
Suppose -3*u = -2*u + 3*z - 4, 3*z = u - 22. Suppose 0 = 3*l - 95 - u. Suppose -g = -25 - l. What is the units digit of g?
1
Suppose 0*q - 2*q + 10 = 0. Suppose -33 = -q*x + 2. Suppose -x*v - 55 = -8*v. What is the units digit of v?
5
Let w = 473 + -239. Suppose -l = 2*j - w, l = -j - 4*j + 219. What is the hundreds digit of l?
2
Let u(k) = 8*k**2 - 3*k + 1. Let f(o) = o - 11. Let z be f(8). What is the units digit of u(z)?
2
Let j(k) be the first derivative of k**3/3 + 5*k**2 - 4*k + 1. Suppose 18*t + 217 = 19. What is the units digit of j(t)?
7
What is the units digit of (-245)/15*19*-3?
1
Let a(v) = -2*v - 18. Let x be a(-11). Suppose x*z - 2*z = 242. What is the hundreds digit of z?
1
Let g(v) = v + 21. Let u(h) = h**3 + 7*h**2 + 4*h - 2. Let n be u(-6). Let c = -10 + n. What is the tens digit of g(c)?
2
Let s(c) = -c**3 - 3*c**2 - c - 1. Let f be s(-3). Let l(k) = k**2 + 5*k + 2. Let j be l(-2). What is the tens digit of (f/j)/(1/(-48))?
2
Suppose -2*f - s = -55, -f + 3*s = -5 - 5. Suppose -14*d = -9*d + f. What is the units digit of ((-15)/9)/(d/105)?
5
Suppose -2200 = -2*j - d + 5*d, -4*j - 5*d = -4426. What is the hundreds digit of j?
1
Let o(r) = 7*r - 31. Let d be o(6). Suppose -16*c + d*c + 600 = 0. What is the hundreds digit of c?
1
Let m(r) be the second derivative of 7*r**4/6 - r**3/3 - 3*r**2/2 + 5*r. What is the hundreds digit of m(3)?
1
What is the units digit of (35 + -2)*1/3?
1
Suppose 4*g - 28 = 16. Let n be g - (-3 - (0 + -1)). Suppose k + 0*w - n = 2*w, 0 = 5*k + 2*w - 29. What is the units digit of k?
7
Let y be (37 - (1 + -4)) + -3. Suppose -31 - y = -k. What is the units digit of k?
8
Let y(a) = 10*a + 1. Let k(g) = -g**2 - 2*g. Let h be k(-3). Let q(f) = -f**3 - 4*f**2 - 5*f - 2. Let c be q(h). What is the tens digit of y(c)?
4
Let a be (8/(-5))/(1/(-5)). Suppose r = -0*r + 5*d + 190, 3*d = 3*r - 546. Suppose 3*s = a*s - r. What is the tens digit of s?
3
Let c = 30 + -28. Suppose 5*g - 3 = c*g. Suppose -3*t + 4*s + 5 = 0, -3*s + 11 + g = 0. What is the units digit of t?
7
Let g(o) be the third derivative of 49*o**4/24 - 5*o**2. What is the tens digit of g(1)?
4
Suppose 21*c + 126 = 3969. What is the units digit of c?
3
Suppose -2*i + 3 = -b, 35 = 5*i - 2*b + 5*b. What is the units digit of (-2 + i)/(4/266 - 0)?
3
Let o(j) = 5*j + 6. Let p(w) = -5*w - 7. Let b(m) = -2*o(m) - 3*p(m). What is the units digit of b(6)?
9
Suppose -2224 = 161*q - 169*q. What is the tens digit of q?
7
Suppose 3*i - 5 = -2. Suppose -u - 2*h = 16, -i = -4*u + 5*h - 0. Let c = u - -18. What is the units digit of c?
2
Let l be 1/(-2)*0 - (7 - 9). Suppose -l*b + 159 = n - b, -4*n + 634 = 5*b. What is the units digit of n?
1
Let f(n) be the first derivative of -n**2/2 - 17*n - 5. Let v be f(-15). What is the units digit of v - (-22 + (-1 - -3))?
8
Suppose 3*n + 4*u - 18 = 7*u, 0 = -n - 2*u. Suppose 0 = -3*f - n - 2. What is the units digit of (-1)/f - (-126)/12?
1
Suppose -2*y + 4*v = -16, -2*y + 2 - 14 = 3*v. What is the tens digit of 54/(3 - y) - 3?
1
Suppose 0 = x - 2*u - 85, -4*u + 420 = 5*x - 9*u. What is the units digit of x?
3
Let l(k) be the first derivative of 17*k**4/4 - k**3 + 2*k + 24. What is the hundreds digit of l(2)?
1
Let d = 4 - -25. Suppose -3*u + d + 88 = 0. Suppose 0 = -5*r + 199 - u. What is the units digit of r?
2
Suppose 7910 = 214*r - 204*r. What is the units digit of r?
1
Let k(c) be the second derivative of c**5/20 - 17*c**4/12 - 4*c**3/3 - 2*c**2 - 18*c. What is the tens digit of k(18)?
7
Let v = 1295 - 204. What is the tens digit of v?
9
Let f(d) = -d**3 + 4*d**2 + 4*d + 1. Let p be f(5). What is the tens digit of (10/p)/(8/(-112))?
3
Suppose -65 = -3*s - o - o, 4*s + 5*o - 82 = 0. Let n(t) = t**2 + 2*t - 3. Let w be n(-4). Let i = w + s. What is the tens digit of i?
2
Let t be (-6)/8 - (-45)/12. Suppose 6 = 2*z + 2*k,